- 3*g**2 - 3*g + 1. Let o = -242 + 245. Let x be (1 - o) + 3 - (4 - 5). Calculate s(x).
-9
Let q(n) = -2*n**3 - 3*n**2 + 4*n + 4. Let s = 395 - 355. Suppose 34*o = s*o + 18. Calculate q(o).
19
Let z(m) = m**2 - 2*m**3 - 5 - 2*m**2 - 4*m + 5*m + m**3. Let y(x) = x**2 - x - 2. Let s be y(-1). Calculate z(s).
-5
Suppose -p = -2*u + 29, -3*p + 5*u = 31 + 51. Let v = -15 - p. Let c(i) = -6*i**2 - v*i + 3*i**2 + 4*i**2. Calculate c(3).
-3
Let g(j) = 2 + 1 - 7*j - 2 + 4*j**2 + 5*j. Suppose 21 = -5*y + 6. Let w be 2 + y + 0 + 2. Determine g(w).
3
Let l(b) = -8*b. Let w(h) = h. Let i(r) = -l(r) - 10*w(r). Let p(m) = 9*m - 2. Let a(k) = 4*i(k) + p(k). Calculate a(-2).
-4
Let x(h) = 4*h + 15. Suppose 6*p + 25 = -11. Let c(o) = -2*o - 8. Let v(b) = p*x(b) - 11*c(b). Determine v(-2).
2
Suppose 3*g - 2*t = 5*g - 6, 0 = 5*g + 2*t - 12. Suppose -g = -m - 0. Let a(h) = 1 + 0 - 4*h**2 + h + m*h + 3*h**2. What is a(2)?
3
Let p = 1459 - 1470. Let d(u) = u**3 + u**2 + u + 1. Let r be d(2). Let w = p + r. Let z(s) = 2*s + 2. Determine z(w).
10
Let j(z) = -17*z**2 + 5*z + 2. Let t(h) = 26*h**2 - 7*h - 3. Let c(a) = 7*j(a) + 5*t(a). Let w = 1403 + -1404. Determine c(w).
10
Let f(g) be the second derivative of g**3/6 - 4*g**2 - 2*g - 172. Determine f(-11).
-19
Let l(g) = -g**3 - g**2 - 3*g + 267. Let t be l(0). Let m = t + -264. Let y(d) = d**2 + d - 3. What is y(m)?
9
Let s(f) = f. Let k(d) be the second derivative of 5*d**3/6 - d**2 + 6*d + 38. Let m = 10 - 16. Let w(n) = m*s(n) + k(n). Determine w(-7).
5
Let p(b) be the first derivative of b**2 - 2*b - 199. Calculate p(-1).
-4
Let g(u) be the first derivative of 6 - 4*u**2 + 2*u**2 + 0*u - 2*u - 2. Suppose -203*j + 6 = -206*j. Determine g(j).
6
Let j(r) = 3*r - 29. Suppose 88*n - 614 - 161 = -67*n. What is j(n)?
-14
Let p be ((-4)/(-6))/1*846/12. Suppose -3*g = -47 + p. Let a be g - (-3)/4 - (-7)/(-4). Let f(j) = 2*j - 1. Calculate f(a).
-3
Let f be -15 - -13 - (6 + -2). Let s(b) be the third derivative of -1/6*b**4 + 1/2*b**3 - 1/60*b**5 + 0 + 0*b - 15*b**2. What is s(f)?
-9
Let k = -17 + 19. Let r be 6 + -4 + (1 - k)/(-1). Let z(b) = b - 131 + b**2 - b**r - b**2 + 128. What is z(-3)?
21
Let y(n) be the first derivative of n**3/3 - 7*n**2/2 - 2*n + 281. Give y(9).
16
Suppose -5*f - d = -50, -6*f + 37 = -3*f + 2*d. Let u(r) = 2 - f*r + 3*r + 2*r. What is u(-1)?
6
Suppose 9*o = 12*o - 60. Let p(d) = -7*d - 36*d**2 + 15*d**2 + 3 - 2*d + o*d**2. Determine p(-9).
3
Let z(o) be the first derivative of o**4/2 + 2*o**3/3 + o + 2. Suppose 2*f - 113 = 3*q, -f + 6*f = -3*q + 230. Suppose 38 = 30*p - f*p. Give z(p).
-7
Let o(y) = y**2 + 8*y + 7. Let m = 125 + -127. Let j be (-145)/20 - (-5 - m)/12. Calculate o(j).
0
Let q(y) be the third derivative of -y**4/8 - 5*y**3/6 - 8*y**2. Let j be ((-17)/((-170)/(-4)))/(3 - 232/80). Give q(j).
7
Suppose -5*s + 45 = -3*z, -16*s + 13*s = -2*z - 27. Let i(p) be the second derivative of p**5/20 - 2*p**4/3 - 4*p**3/3 - 2*p**2 + 48*p. Give i(s).
5
Let d(v) = -v - 3 - 1 + 2 - 5*v**2 - 1. Let u(b) = b**2 + 1. Let l(f) = d(f) + 4*u(f). Let w(r) = r**3 - 10*r**2 + 20*r - 32. Let p be w(8). What is l(p)?
1
Let u be (-2)/(-9)*3 - (-34)/3. Let s be -7*u/((84/8)/(-3)). Suppose 26*y = s*y - 4. Let k(h) = -2*h + 2. Determine k(y).
6
Let j(g) be the third derivative of -96*g**2 + 0*g**3 + 0*g + 0 - 7/30*g**5 - 1/24*g**4. What is j(-1)?
-13
Let n = -42 - -46. Suppose 0 = -4*y + d - 3 + 13, 3*y = -n*d - 2. Let u(v) = 2*v**2 - 4*v + 6. Give u(y).
6
Let z(r) = -r**2 + 13*r - 15. Let v be z(11). Let c(g) = -5*g + v*g - g - 11. Let t(a) = 17*a + 226. Let n be t(-13). Determine c(n).
-6
Let p(i) = -i**2 + 11*i. Let d(r) = 2*r**2 - 10*r + 11. Let j be d(12). Let q = 261 - j. Suppose q = 2*l + 60. Determine p(l).
0
Let h(u) be the third derivative of u**5/30 - u**4/6 - u**3/6 - u**2 + 961. Calculate h(-2).
15
Let y(x) = 4*x - 27. Let i be y(5). Let p(t) = -11*t + 3. Let n(k) = -8*k + 3. Let a(m) = 4*n(m) - 3*p(m). Calculate a(i).
-4
Let k(u) = u**3 + 6*u**2 + 6*u - 3. Suppose 23 = i - 3*b, -b - 77 = 3*i - 6*i. Suppose -4*v - 2*n - i = 0, -2*n = 3*v + 7 + 14. What is k(v)?
-8
Let l(o) = -6561 - 3*o + 2*o**2 + 3280 + 3272 + 5*o - 4*o + o. Let d = 4 + -1. Calculate l(d).
6
Let r(i) be the second derivative of -i**6/60 + i**5/40 - i**4/12 + i**3/3 + 3*i**2 + 3*i. Let o(h) be the second derivative of r(h). Give o(2).
-20
Let i(g) = -1602 + 6*g + 3208 - 1614 - 8*g**2. Determine i(2).
-28
Let z = 7003 + -6995. Let x(w) = 12*w - 99. Determine x(z).
-3
Let n(q) = q**3 + 18*q**2 - 11*q + 42. Suppose 3*m - 8*u = -73, u + 16 = 3*m + 75. What is n(m)?
-110
Let w(s) be the third derivative of -s**5/60 + 5*s**4/24 + 11*s**3/6 + 156*s**2 + 1. Determine w(5).
11
Let h(f) = f + 14. Suppose -384*l - 6 = -385*l. Suppose -l = 2*u - 5*q + 4, -u = 5*q + 20. Determine h(u).
4
Suppose 5*m + 3*m = 40. Suppose -2*i - 12 + 52 = -m*y, 5*i = 3*y + 24. Let o(h) be the third derivative of h**5/60 + h**4/3 + h**3/3 + h**2. Give o(y).
2
Let g(f) = -5*f - 2. Let b(q) = 4*q + 4 - 8*q - 3 - 8*q. Let m be b(2). Let l = 20 + m. Calculate g(l).
13
Let i(b) = -b**2 - 3*b + 2. Let l(z) = 12 - 4567*z + 4574*z - 3. Suppose 4*u + u = -10. Let s be l(u). Give i(s).
-8
Let d(g) = -g**3 + 2*g**2 + 13*g + 10. Let x(k) = 95*k + 4558. Let q be x(-48). Calculate d(q).
0
Let w(x) be the first derivative of 3*x**2/2 - 3*x + 2322. Calculate w(2).
3
Let x(k) = 9*k + 47. Let s be x(-5). Let h(l) = -3 - 9*l + l**s + 4 + 19*l + 4. What is h(-10)?
5
Let j(s) = -s**3 + 6*s**2 + 8*s + 2. Let x be j(7). Let d be 10/45 - (-187)/x. Let b(i) = -d*i**2 + 23*i**2 - 2 + i**3 + 0. Give b(-2).
-2
Suppose 0 = 9*c - 12*c. Let q(j) be the second derivative of -j**3/6 + 15*j**2 + 3*j - 507. Calculate q(c).
30
Let k be 2/(-3) + 4/6. Let o(v) = 66*v**2 - 2*v - 25*v**2 - 19*v**2 - 21*v**2 + 3*v - 10. Determine o(k).
-10
Let x(y) be the third derivative of y**7/1260 - y**6/180 - y**5/60 + 17*y**4/6 + 6*y**2. Let v(a) be the second derivative of x(a). Calculate v(-3).
28
Let z(k) = -9*k**3 - 65*k**2 - 39*k - 34. Let c(d) = -d**3 - 8*d**2 - 5*d - 4. Let p(m) = 17*c(m) - 2*z(m). Give p(7).
0
Let t(p) = -2*p**3 - 24*p**2 + 6*p + 100. Let d be t(-12). Suppose -2*k - z + 0*z = -d, -5*k = 5*z - 80. Let i(q) = q**2 - 13*q - 12. What is i(k)?
-24
Let m(u) = u**2 + 7*u - 7. Let j(z) = -3*z - 2. Suppose 14 = 2*n + 6. Suppose -3*d = -n*l + 14, -34 = -4*l - 14. Let h be j(d). What is m(h)?
1
Let m(s) = -6*s**3 + 5*s**2 + 23*s + 19. Let a be m(-1). Suppose -2 = 4*l - 14. Let r(x) = 6 + 0 + l*x - 2*x. Determine r(a).
13
Let h(o) = -10391*o**2 + 89*o + 40*o - 4 + 10388*o**2. Determine h(43).
-4
Let b = -10975 - -10963. Let f(r) = -r**3 - 12*r**2 + 4*r + 29. Calculate f(b).
-19
Let r(q) be the first derivative of q**3/3 + 15*q**2 + 130*q - 45. Let t be r(-25). Let p(z) = -2*z**2 + 3*z + 3. Determine p(t).
-32
Let s(t) = t**2 - 4*t + 8. Let c be (-98)/(-21)*(-45)/(-3). Suppose c - 28 = 7*i. Determine s(i).
20
Let z(k) be the third derivative of -k**6/120 - 11*k**5/60 + 25*k**4/24 - 5*k**3/2 - 11114*k**2. Calculate z(-13).
-2
Let t(f) = f**2 + 7*f + 14. Let q(x) = -x**3 - 6*x**2 - 3*x + 7. Let b be q(-5). Let v be t(b). Suppose 73 = -v*a + 69. Let d(n) = -13*n - 2. Give d(a).
24
Let v(r) = -20*r**2 - 13*r + 3*r**2 + 13*r**2 + 3*r**2. Calculate v(-17).
-68
Suppose 3*j + 4*o = 9*o + 10, -3*j + 2*o = -13. Suppose -19533 = -3*t - 48*t. Let k(a) = -t*a + 7 - a**2 + 782*a - 395*a. Calculate k(j).
2
Let t(p) = -20*p + 360 - p**2 - 435 + 3*p. Calculate t(-9).
-3
Let t(x) = 3*x + 11. Let p = -1388 - -2138. Let o = p + -755. Calculate t(o).
-4
Let h(v) be the third derivative of 13/6*v**3 + 1/60*v**5 + 0*v + 0 - 75*v**2 - 7/12*v**4. What is h(12)?
-11
Suppose 64*j - 4508 = 50*j. Let p = j - 316. Let r(k) = 4*k + 1. Give r(p).
25
Let m(g) = -g**3 - 7*g**2 + 643*g + 4516. Let f be m(-7). Let p(q) = -q**2 + 13*q + 12. What is p(f)?
-18
Let f(y) = -y**2 + 13*y + 14. Let m = 3415 - 3400. What is f(m)?
-16
Let j be 4/(-18)*(0 + -18). Suppose -5*l + s + j = 35, 4*s = 3*l + 5. Let c(h) = -11*h**2 + 2*h - 1 + 12*h**2 + 4*h. Determine c(l).
6
Let w = -13 - -15. Let o(r) = -2*r - 106*r**w + 202*r**2 - 99*r**2 + 3 + r**3. Give o(5).
43
Let s = 37480 - 37467. Let q(w) = w**2 - 13*w + 8. What is q(s)?
8
Let i(a) be the secon